{"id":1827,"date":"2012-04-29T22:55:56","date_gmt":"2012-04-29T22:55:56","guid":{"rendered":"http:\/\/localhost\/modernize\/?post_type=portfolio&#038;p=11"},"modified":"2012-10-12T13:35:11","modified_gmt":"2012-10-12T13:35:11","slug":"amet-sollicitudin-2","status":"publish","type":"page","link":"http:\/\/old.stjornarskrarfelagid.is\/?page_id=1827","title":{"rendered":"N\u00e1tt\u00faran og au\u00f0lindirnar &#8211; Kristinn Einarsson"},"content":{"rendered":"","protected":false},"excerpt":{"rendered":"","protected":false},"author":1,"featured_media":2192,"parent":0,"menu_order":0,"comment_status":"open","ping_status":"open","template":"","meta":{"footnotes":""},"class_list":["post-1827","page","type-page","status-publish","has-post-thumbnail","hentry","entry"],"jetpack_sharing_enabled":true,"jetpack_shortlink":"https:\/\/wp.me\/Pf3GBW-tt","_links":{"self":[{"href":"http:\/\/old.stjornarskrarfelagid.is\/index.php?rest_route=\/wp\/v2\/pages\/1827","targetHints":{"allow":["GET"]}}],"collection":[{"href":"http:\/\/old.stjornarskrarfelagid.is\/index.php?rest_route=\/wp\/v2\/pages"}],"about":[{"href":"http:\/\/old.stjornarskrarfelagid.is\/index.php?rest_route=\/wp\/v2\/types\/page"}],"author":[{"embeddable":true,"href":"http:\/\/old.stjornarskrarfelagid.is\/index.php?rest_route=\/wp\/v2\/users\/1"}],"replies":[{"embeddable":true,"href":"http:\/\/old.stjornarskrarfelagid.is\/index.php?rest_route=%2Fwp%2Fv2%2Fcomments&post=1827"}],"version-history":[{"count":0,"href":"http:\/\/old.stjornarskrarfelagid.is\/index.php?rest_route=\/wp\/v2\/pages\/1827\/revisions"}],"wp:featuredmedia":[{"embeddable":true,"href":"http:\/\/old.stjornarskrarfelagid.is\/index.php?rest_route=\/wp\/v2\/media\/2192"}],"wp:attachment":[{"href":"http:\/\/old.stjornarskrarfelagid.is\/index.php?rest_route=%2Fwp%2Fv2%2Fmedia&parent=1827"}],"curies":[{"name":"wp","href":"https:\/\/api.w.org\/{rel}","templated":true}]}}