{"id":2046,"date":"2012-08-31T00:25:08","date_gmt":"2012-08-31T00:25:08","guid":{"rendered":"http:\/\/old.stjornarskrarfelagid.is\/?page_id=2046"},"modified":"2024-12-08T20:32:33","modified_gmt":"2024-12-08T20:32:33","slug":"stjorn-stjornarskrarfelagsins","status":"publish","type":"page","link":"https:\/\/old.stjornarskrarfelagid.is\/?page_id=2046","title":{"rendered":"Stj\u00f3rn Stj\u00f3rnarskr\u00e1rf\u00e9lagsins"},"content":{"rendered":"<p>Stj\u00f3rnarskr\u00e1rf\u00e9lagi\u00f0 var stofna\u00f0 s\u00ed\u00f0la sumars 2010 til \u00feess a\u00f0 efla vitneskju og umr\u00e6\u00f0u um stj\u00f3rnarskr\u00e1m\u00e1l \u00e1 almennum grunni.<\/p>\n<p>Stj\u00f3rnarskr\u00e1rf\u00e9lagi\u00f0 og Samt\u00f6k um n\u00fdja stj\u00f3rnarskr\u00e1r SANS sameinu\u00f0ust undir nafni Stj\u00f3rnarskr\u00e1rf\u00e9lagsins \u00e1ri\u00f0 2014.<\/p>\n<p>F\u00e9lagi\u00f0 er afur\u00f0 \u00e1hugastarfs fj\u00f6lmargra a\u00f0ila sem vilja tryggja a\u00f0 til ver\u00f0i n\u00fd stj\u00f3rnarskr\u00e1 sem samin ver\u00f0i me\u00f0 a\u00f0komu \u00fej\u00f3\u00f0arinnar.<\/p>\n<p><strong>Stj\u00f3rn Stj\u00f3rn f\u00e9lagsins skipa:<\/strong><\/p>\n<p>Katr\u00edn Oddsd\u00f3ttir, talsma\u00f0ur<br \/>\n<span style=\"font-size: xx-small;\">katrinodds\u00a0(hj\u00e1) hi.is<br \/>\nkataodds\u00a0(hj\u00e1) gmail.com<br \/>\n<\/span><\/p>\n<p>Sigr\u00ed\u00f0ur \u00d3lafsd\u00f3ttir, ritari<br \/>\n<span style=\"font-size: xx-small;\">sigrol2 (hj\u00e1) gmail.com<\/span><\/p>\n<p>Krist\u00edn Erna Arnard\u00f3ttir, gjaldkeri<br \/>\n<span style=\"font-size: xx-small;\">kristinernaa (hj\u00e1) gmail.com<\/span><\/p>\n<p>Hj\u00f6rtur Hjartarson<br \/>\n<span style=\"font-size: xx-small;\">texti (hj\u00e1) internet.is<\/span><\/p>\n<p>J\u00f3na Benediktsd\u00f3ttir, forma\u00f0ur<br \/>\n<span style=\"font-size: xx-small;\">jonaben.kennari (hj\u00e1) gmail.com<\/span><\/p>\n<p>Kjartan J\u00f3nsson<\/p>\n<p><span style=\"font-size: xx-small;\">kjartanice (hj\u00e1) gmail.com<\/span><\/p>\n<p>\u00de\u00f3rir Baldursson<br \/>\n<span style=\"font-size: xx-small;\">tonanaust (hj\u00e1) internet.is<\/span><\/p>\n<p><strong>Varamenn<\/strong><\/p>\n<p>Berglj\u00f3t Gunnlaugsd\u00f3ttir<\/p>\n<p>Geir Gu\u00f0mundsson<\/p>\n<p>Ing\u00f3lfur Hermannsson<\/p>\n<p>Sigur\u00f0ur Hr. Sigur\u00f0sson<\/p>\n<p>H\u00e6gt er a\u00f0 hafa samband vi\u00f0 f\u00e9lagi\u00f0 me\u00f0 \u00fev\u00ed a\u00f0 senda p\u00f3st \u00e1 netfangi\u00f0:\u00a0<a href=\"mailto:stjornarskrarfelagid@gmail.com\">stjornarskrarfelagid@gmail.com<\/a>\u00a0e\u00f0a me\u00f0 \u00fev\u00ed a\u00f0 senda \u00fev\u00ed skilabo\u00f0 \u00e1 <a href=\"https:\/\/is-is.facebook.com\/Stjornarskrarfelagid\">Facebook s\u00ed\u00f0u f\u00e9lagsins<\/a>.<\/p>\n<p>Ums\u00f3narmenn <strong>heimas\u00ed\u00f0u<\/strong> og <strong>FB<\/strong> s\u00ed\u00f0u Birgir Gr\u00edmsson s. 615 0530 og Ing\u00f3lfur Harri Hermannsson S.\u00a0852 30 60<\/p>\n","protected":false},"excerpt":{"rendered":"<p>Stj\u00f3rnarskr\u00e1rf\u00e9lagi\u00f0 var stofna\u00f0 s\u00ed\u00f0la sumars 2010 til \u00feess a\u00f0 efla vitneskju og umr\u00e6\u00f0u um stj\u00f3rnarskr\u00e1m\u00e1l \u00e1 almennum grunni. Stj\u00f3rnarskr\u00e1rf\u00e9lagi\u00f0 og Samt\u00f6k um n\u00fdja stj\u00f3rnarskr\u00e1r SANS sameinu\u00f0ust undir nafni Stj\u00f3rnarskr\u00e1rf\u00e9lagsins \u00e1ri\u00f0 2014. F\u00e9lagi\u00f0 er afur\u00f0 \u00e1hugastarfs fj\u00f6lmargra a\u00f0ila sem vilja tryggja a\u00f0 til ver\u00f0i n\u00fd stj\u00f3rnarskr\u00e1 sem samin ver\u00f0i me\u00f0 a\u00f0komu \u00fej\u00f3\u00f0arinnar. Stj\u00f3rn Stj\u00f3rn f\u00e9lagsins skipa:&hellip; <a class=\"more-link\" href=\"https:\/\/old.stjornarskrarfelagid.is\/?page_id=2046\">Continue reading <span class=\"screen-reader-text\">Stj\u00f3rn Stj\u00f3rnarskr\u00e1rf\u00e9lagsins<\/span><\/a><\/p>\n","protected":false},"author":1,"featured_media":0,"parent":13,"menu_order":0,"comment_status":"open","ping_status":"open","template":"","meta":{"footnotes":""},"class_list":["post-2046","page","type-page","status-publish","hentry","entry"],"jetpack_sharing_enabled":true,"jetpack_shortlink":"https:\/\/wp.me\/Pf3GBW-x0","_links":{"self":[{"href":"https:\/\/old.stjornarskrarfelagid.is\/index.php?rest_route=\/wp\/v2\/pages\/2046","targetHints":{"allow":["GET"]}}],"collection":[{"href":"https:\/\/old.stjornarskrarfelagid.is\/index.php?rest_route=\/wp\/v2\/pages"}],"about":[{"href":"https:\/\/old.stjornarskrarfelagid.is\/index.php?rest_route=\/wp\/v2\/types\/page"}],"author":[{"embeddable":true,"href":"https:\/\/old.stjornarskrarfelagid.is\/index.php?rest_route=\/wp\/v2\/users\/1"}],"replies":[{"embeddable":true,"href":"https:\/\/old.stjornarskrarfelagid.is\/index.php?rest_route=%2Fwp%2Fv2%2Fcomments&post=2046"}],"version-history":[{"count":1,"href":"https:\/\/old.stjornarskrarfelagid.is\/index.php?rest_route=\/wp\/v2\/pages\/2046\/revisions"}],"predecessor-version":[{"id":3334,"href":"https:\/\/old.stjornarskrarfelagid.is\/index.php?rest_route=\/wp\/v2\/pages\/2046\/revisions\/3334"}],"up":[{"embeddable":true,"href":"https:\/\/old.stjornarskrarfelagid.is\/index.php?rest_route=\/wp\/v2\/pages\/13"}],"wp:attachment":[{"href":"https:\/\/old.stjornarskrarfelagid.is\/index.php?rest_route=%2Fwp%2Fv2%2Fmedia&parent=2046"}],"curies":[{"name":"wp","href":"https:\/\/api.w.org\/{rel}","templated":true}]}}